 of 113485693?
17, 131, 389
What are the prime factors of 19314838?
2, 47, 205477
What are the prime factors of 102226721?
179, 571099
List the prime factors of 1520686334.
2, 5471, 138977
List the prime factors of 1052596821.
3, 139, 2524213
List the prime factors of 51963013.
51963013
List the prime factors of 1194570034.
2, 7, 1831, 46601
List the prime factors of 1444183811.
7, 157, 347, 541
What are the prime factors of 1744434161?
107, 16303123
List the prime factors of 3033275235.
3, 5, 17, 19, 626063
List the prime factors of 87573285.
3, 5, 307, 2113
List the prime factors of 191031679.
191031679
List the prime factors of 106002069.
3, 251, 140773
What are the prime factors of 278360847?
3, 137, 75253
What are the prime factors of 5446821142?
2, 7, 389058653
What are the prime factors of 3727780?
2, 5, 7, 26627
List the prime factors of 713099187.
3, 17, 37, 199, 211
What are the prime factors of 113075369?
11, 10279579
What are the prime factors of 1277599785?
3, 5, 7, 11, 29, 5449
List the prime factors of 6472246257.
3, 3119, 230567
List the prime factors of 6000931308.
2, 3, 500077609
What are the prime factors of 71619995?
5, 29, 493931
What are the prime factors of 32944191?
3, 7, 1568771
List the prime factors of 1050998795.
5, 7, 11, 389981
List the prime factors of 21956887.
21956887
What are the prime factors of 66209103?
3, 131, 18719
List the prime factors of 51707871.
3, 73, 211, 373
List the prime factors of 7454919559.
277, 26913067
What are the prime factors of 67805657?
1567, 43271
List the prime factors of 1763565698.
2, 2311, 381559
What are the prime factors of 3232447603?
7, 11, 113, 33773
List the prime factors of 684883366.
2, 167, 181, 11329
List the prime factors of 185382283.
89, 2082947
What are the prime factors of 2094487393?
2094487393
List the prime factors of 2593013834.
2, 1296506917
List the prime factors of 280066485.
3, 5, 29, 83, 7757
List the prime factors of 21453126.
2, 3, 3575521
What are the prime factors of 82775029?
53, 151, 10343
What are the prime factors of 49048082?
2, 19, 367, 3517
List the prime factors of 1209290291.
11, 17, 61, 106013
What are the prime factors of 444352649?
13, 34180973
List the prime factors of 413723351.
977, 423463
List the prime factors of 512639.
19, 26981
List the prime factors of 223584045.
3, 5, 14905603
What are the prime factors of 396394249?
396394249
List the prime factors of 870996834.
2, 3, 1481, 10891
What are the prime factors of 182048284?
2, 11, 1627, 2543
List the prime factors of 80036028.
2, 3, 71, 173, 181
What are the prime factors of 127620977?
11, 1399, 8293
List the prime factors of 2510106470.
2, 5, 4057, 61871
List the prime factors of 182809572.
2, 3, 11, 1384921
List the prime factors of 24063315.
3, 5, 613, 2617
List the prime factors of 58084117.
7, 13, 37, 1327
What are the prime factors of 138192953?
138192953
List the prime factors of 45605594.
2, 17, 79, 16979
What are the prime factors of 1210077011?
11, 13, 199, 3271
What are the prime factors of 1317921281?
1317921281
What are the prime factors of 991418363?
13, 43, 67, 103, 257
What are the prime factors of 6029172732?
2, 3, 11, 29, 54311
List the prime factors of 1199541651.
3, 7, 11, 5192821
What are the prime factors of 71042059?
11, 1321, 4889
List the prime factors of 458770420.
2, 5, 23, 997327
What are the prime factors of 19179855?
3, 5, 31, 4583
List the prime factors of 99614884.
2, 29, 858749
List the prime factors of 76900380.
2, 3, 5, 1281673
What are the prime factors of 24602248?
2, 11, 279571
List the prime factors of 3736851761.
53, 70506637
What are the prime factors of 900879481?
211, 4269571
List the prime factors of 9058115.
5, 11, 157, 1049
What are the prime factors of 98020394?
2, 49010197
What are the prime factors of 138245776?
2, 103, 149, 563
What are the prime factors of 76259822?
2, 71, 537041
What are the prime factors of 433471285?
5, 13, 6668789
What are the prime factors of 364739588?
2, 43, 2120579
What are the prime factors of 108892472?
2, 13, 1047043
List the prime factors of 1165353957.
3, 129483773
What are the prime factors of 4536058134?
2, 3, 756009689
What are the prime factors of 1801667789?
1801667789
What are the prime factors of 348492016?
2, 101, 379, 569
What are the prime factors of 37412148?
2, 3, 3117679
List the prime factors of 591755944.
2, 13, 47, 121063
List the prime factors of 98821439.
41, 43, 56053
List the prime factors of 1710708017.
113, 15139009
List the prime factors of 63202718.
2, 31601359
What are the prime factors of 191432473?
23, 8323151
List the prime factors of 238006971.
3, 457, 19289
What are the prime factors of 13702425?
3, 5, 11, 17, 977
List the prime factors of 138110674.
2, 13, 977, 5437
List the prime factors of 601333047.
3, 7, 73, 18679
List the prime factors of 1128447843.
3, 376149281
What are the prime factors of 182400552?
2, 3, 844447
List the prime factors of 1464090192.
2, 3, 59, 389, 443
What are the prime factors of 425070860?
2, 5, 21253543
What are the prime factors of 476306445?
3, 5, 563, 56401
What are the prime factors of 135056664?
2, 3, 59, 31793
List the prime factors of 1218814043.
179, 353, 19289
What are the prime factors of 348272503?
2957, 117779
List the prime factors of 26871438.
2, 3, 11, 37013
List the prime factors of 313278356.
2, 1009, 77621
List the prime factors of 79059989.
109, 725321
List the prime factors of 232647289.
7, 33235327
List the prime factors of 162718463.
41, 3968743
List the prime factors of 1177350570.
2, 3, 5, 11, 73, 1481
List the prime factors of 3620557890.
2, 3, 5, 31, 41, 1021
List the prime factors of 49878295.
5, 379, 26321
List the prime factors of 73384209.
3, 37, 220373
What are the prime factors of 1693229568?
2, 3, 281, 3923
List the prime factors of 120979150.
2, 5, 2419583
What are the prime factors of 5730887769?
3, 59, 199, 162703
What are the prime factors of 1020703196?
2, 255175799
What are the prime factors of 255101309?
59, 4323751
What are the prime factors of 657510453?
3, 23, 352931
What are the prime factors of 861161223?
3, 13, 22081057
What are the prime factors of 244495796?
2, 23, 2657563
List the prime factors of 56941293.
3, 18980431
List the prime factors of 953633061.
3, 23, 179, 373
What are the prime factors of 290873707?
953, 305219
List the prime factors of 107195329.
107195329
List the prime factors of 54370671.
3, 18123557
List the prime factors of 3522992.
2, 11, 37, 541
List the prime factors of 5453575495.
5, 1090715099
List the prime factors of 45338009.
19, 2386211
List the prime factors of 233196585.
3, 5, 15546439
List the prime factors of 55908267.
3, 4297, 4337
What are the prime factors of 410874304?
2, 6419911
What are the prime factors of 6062861943?
3, 19, 35455333
List the prime factors of 160972575.
3, 5, 17, 251, 503
List the prime factors of 613462704.
2, 3, 53, 241141
List the prime factors of 118100923.
118100923
What are the prime factors of 5080740838?
2, 3083, 823993
What are the prime factors of 45141560?
2, 5, 1128539
What are the prime factors of 155337868?
2, 7, 73, 75997
List the prime factors of 1500254254.
2, 750127127
List the prime factors of 38831694.
2, 3, 11, 588359
What are the prime factors of 375292330?
2, 5, 7, 5361319
What are the prime factors of 15513109?
23, 674483
List the prime factors of 1815707036.
2, 11, 13, 3174313
What are the prime factors of 12598964?
2, 7, 449963
List the prime factors of 308035793.
13, 383, 4759
What are the prime factors of 209157097?
47, 4450151
What are the prime factors of 5220694150?
2, 5, 7, 61, 244529
List the prime factors of 41546766.
2, 3, 593, 11677
What are the prime factors of 392038538?
2, 2903, 67523
What are the prime factors of 151445528?
2, 13, 79, 18433
List the prime factors of 112617359.
112617359
What are the prime factors of 52006409?
7, 13, 41, 53, 263
What are the prime factors of 2209429400?
2, 5, 3203, 3449
List the prime factors of 88700810.
2, 5, 11, 806371
What are the prime factors of 42957911?
71, 167, 3623
What are the prime factors of 89012047?
23, 37, 104597
List the prime factors of 882365509.
7019, 125711
List the prime factors of 131346155.
5, 463, 56737
List the prime factors of 9771716.
2, 5